{"id":85,"date":"2013-09-05T10:55:24","date_gmt":"2013-09-05T10:55:24","guid":{"rendered":"http:\/\/usinger-bau.de\/?page_id=85"},"modified":"2022-12-27T02:45:18","modified_gmt":"2022-12-27T02:45:18","slug":"karriere","status":"publish","type":"page","link":"http:\/\/usinger-bau.de\/?page_id=85","title":{"rendered":"Karriere"},"content":{"rendered":"\n<h3 class=\"has-system-font-font-family wp-block-heading\">Mach Karriere mit uns<\/h3>\n\n\n\n<p>Als solider, stetig wachsender Handwerksbetrieb sind wir st\u00e4ndig auf der Suche nach qualifizierten Arbeitskr\u00e4ften zur Verst\u00e4rkung unserer Teams.<\/p>\n\n\n\n<figure class=\"wp-block-image size-full is-resized\"><a href=\"http:\/\/usinger-bau.de\/wp-content\/uploads\/2022\/07\/328483B0-191F-457E-B6E9-EF3FAFBFA7F7.jpeg\"><img decoding=\"async\" src=\"http:\/\/usinger-bau.de\/wp-content\/uploads\/2022\/07\/328483B0-191F-457E-B6E9-EF3FAFBFA7F7-edited-1.jpeg\" alt=\"\" class=\"wp-image-423\" width=\"649\" srcset=\"http:\/\/usinger-bau.de\/wp-content\/uploads\/2022\/07\/328483B0-191F-457E-B6E9-EF3FAFBFA7F7-edited-1.jpeg 512w, http:\/\/usinger-bau.de\/wp-content\/uploads\/2022\/07\/328483B0-191F-457E-B6E9-EF3FAFBFA7F7-edited-1-300x169.jpeg 300w\" sizes=\"(max-width: 512px) 100vw, 512px\" \/><\/a><\/figure>\n\n\n\n<p><strong>Sie haben:<\/strong><br>&#8211; Eine abgeschlossene Ausbildung als Maurer, (Stahl-)Betonbauer, oder eine andere Ausbildung im Bauhandwerk<br>&#8211; Evtl. einen Meistergrad oder Erfahrungen als Polier<br>&#8211; Eine gute k\u00f6rperliche Verfassung<br>&#8211; Gute Kenntnisse der Deutschen und\/oder Italienischen Sprache<br>&#8211; Motivation und Spa\u00df an der Arbeit<\/p>\n\n\n\n<p><strong>Dann bieten wir Ihnen:<\/strong><br>&#8211; Ein sehr angenehmes Arbeitsklima<br>&#8211; Tarifliche oder \u00fcbertarifliche Bezahlung<br>&#8211; Mindestens 30 Tage Urlaub\/Jahr<br>&#8211; Regelm\u00e4\u00dfige Weiter- und Fortbildungsma\u00dfnahmen<\/p>\n\n\n\n<p>Haben Sie Interesse?<br>Dann freuen wir uns auf Ihre Bewerbung per <a title=\"Kontakt\" href=\"http:\/\/usinger-bau.de\/?page_id=33\">Post<\/a> oder <a title=\"Kontakt\" href=\"http:\/\/usinger-bau.de\/?page_id=33\">Email<\/a>.<\/p>\n\n\n\n<p><\/p>\n\n\n\n<p>Selbstverst\u00e4ndlich bilden wir auch regelm\u00e4\u00dfig motivierte Lehrlinge aus und f\u00fchren Praktikanten in die Welt des Hoch- und Tiefbaus ein.<br>Bitte senden Sie uns bei Interesse Ihre Unterlagen ebenfalls per <a title=\"Kontakt\" href=\"http:\/\/usinger-bau.de\/?page_id=33\">Post<\/a> oder <a title=\"Kontakt\" href=\"http:\/\/usinger-bau.de\/?page_id=33\">Email<\/a> zu.<\/p>\n","protected":false},"excerpt":{"rendered":"<p>Mach Karriere mit uns Als solider, stetig wachsender Handwerksbetrieb sind wir st\u00e4ndig auf der Suche nach qualifizierten Arbeitskr\u00e4ften zur Verst\u00e4rkung unserer Teams. Sie haben:&#8211; Eine abgeschlossene Ausbildung als Maurer, (Stahl-)Betonbauer, oder eine andere Ausbildung im Bauhandwerk&#8211; Evtl. einen Meistergrad oder Erfahrungen als Polier&#8211; Eine gute k\u00f6rperliche Verfassung&#8211; Gute Kenntnisse der Deutschen und\/oder Italienischen Sprache&#8211; Motivation [&hellip;]<\/p>\n","protected":false},"author":1,"featured_media":0,"parent":90,"menu_order":5,"comment_status":"closed","ping_status":"closed","template":"","meta":{"footnotes":""},"class_list":["post-85","page","type-page","status-publish","hentry"],"_links":{"self":[{"href":"http:\/\/usinger-bau.de\/index.php?rest_route=\/wp\/v2\/pages\/85","targetHints":{"allow":["GET"]}}],"collection":[{"href":"http:\/\/usinger-bau.de\/index.php?rest_route=\/wp\/v2\/pages"}],"about":[{"href":"http:\/\/usinger-bau.de\/index.php?rest_route=\/wp\/v2\/types\/page"}],"author":[{"embeddable":true,"href":"http:\/\/usinger-bau.de\/index.php?rest_route=\/wp\/v2\/users\/1"}],"replies":[{"embeddable":true,"href":"http:\/\/usinger-bau.de\/index.php?rest_route=%2Fwp%2Fv2%2Fcomments&post=85"}],"version-history":[{"count":26,"href":"http:\/\/usinger-bau.de\/index.php?rest_route=\/wp\/v2\/pages\/85\/revisions"}],"predecessor-version":[{"id":498,"href":"http:\/\/usinger-bau.de\/index.php?rest_route=\/wp\/v2\/pages\/85\/revisions\/498"}],"up":[{"embeddable":true,"href":"http:\/\/usinger-bau.de\/index.php?rest_route=\/wp\/v2\/pages\/90"}],"wp:attachment":[{"href":"http:\/\/usinger-bau.de\/index.php?rest_route=%2Fwp%2Fv2%2Fmedia&parent=85"}],"curies":[{"name":"wp","href":"https:\/\/api.w.org\/{rel}","templated":true}]}}